 + 17?
13
What is the value of (-219 - -21) + -863 + 999?
-62
-120 - (-134 + 24) - (-40 - 1)
31
(-48 - 5) + (33 - -56)
36
Calculate (-36 - 31) + -2 + 20 + 24.
-25
Calculate -4 + (230 + -244 - (1 - 14)).
-5
Calculate (-3 - (13 - 22)) + (-8 - -17) + -80.
-65
What is the value of 6 + -14 - ((-46 - -4) + 7 + -10 + 6)?
31
Calculate 6 + -8 + 12 - -10 - 8 - -5.
17
-47 + 56 + -2 + 2 + -4 - (20 + 22)
-37
-34 - (69 + -36 - 89)
22
5 + (89 + -155 - (4 + -3 - -2))
-64
What is the value of 0 + -8 + (-13 - -7) - (-251 + 265)?
-28
Evaluate -54 + -1 + 8059 + -7980.
24
What is -362 + 344 + 1 + 16 + -33?
-34
Evaluate -60 - (-23 + -18 + 37 - (-4 + 1 + 8)).
-51
Evaluate 0 + 1 - (0 + 4) - (176 - -514 - 674).
-19
Calculate -12 - -4 - (0 - (9 + -19 + -32 - -6)).
-44
What is 77 - (17 + -20 - 5 - (23 + -16))?
92
What is (-25 - (9 + (-11 - 11))) + (-8 - 6 - -1)?
-25
Evaluate -27 + (6 - (-10 + -4 + -32)).
25
What is -187 + 52 + 190 + -95?
-40
Calculate (-31 - ((-94 - -20) + 33)) + 1 + -11.
0
What is 38 + -63 - (47 + -4 + -1)?
-67
Calculate (2 - 64 - -4) + 0 + 2 + -102 + 103.
-55
57 + 25 + -70 + 2 + -12
2
Evaluate 3 - -55 - 46 - (5 + (1 - 0)).
6
What is 22 + (-13 - (-26 - -7))?
28
Evaluate -14 - (-169 + 166 + (-2 - (0 - (-1 - 3)))).
-5
Evaluate -1 + 2 + 28 + (-7 - 13) + 29.
38
Calculate 13 + (18 - (-3 + 14)) + 31.
51
What is the value of (-66 + 0 - 18) + 19 + 18?
-47
What is 0 + 40 + 1 + 195 + -216?
20
-7 - (-26 + (20 - -8) - 24)
15
Evaluate -12 - (92 + -106 - (32 + -3)).
31
Evaluate (-45 - (-11 - -8)) + (-11 - -14 - 2).
-41
What is -298 - -305 - (1 - -19) - (8 + 1)?
-22
What is -14 + 24 - (50 + 1 - (-2 + 8 + -3))?
-38
What is the value of -1 + 36 + -41 + -32?
-38
What is the value of 171 + (2 + 48 - 67) - 25?
129
What is the value of (12 - (1 - -2)) + (98 - 154) - (33 - 19)?
-61
What is 235 - 223 - ((31 - 3) + -2) - 47?
-61
What is the value of 0 - -3 - -2 - (6 + -5 + -13 - -40)?
-23
Evaluate 38 + -41 + -21 - -77.
53
Evaluate 8 - (49 + -48 + -48).
55
Calculate 1 + (29 - 14) + -7 - 16 - (4 + 47).
-58
Calculate -2 + (-3 - 1) + -1 - (0 + 14 + 2).
-23
Calculate -22 + (41 - (-2 + 5)) - 24.
-8
What is 3 + (-21 - 0 - (148 + -151)) + (1 - -57)?
43
(-74 - (-24 + -16 + 15)) + -1
-50
-57 + (12 - 2) - -128
81
(-3 - 4 - (-3 + 3)) + (111 - 114) - -95
85
Calculate (10 - 2 - -38) + -8 + 27 + -28.
37
What is the value of 43 + -156 + 218 + -40?
65
Calculate -19 + 3 + (52 - 18 - (-4 + 15)).
7
What is the value of -7 + 46 + -9 + -4 + 8?
34
What is the value of -13 + -58 + 11 + 25 + -10?
-45
Calculate (-10 - (-16 + 3 - 1)) + 39 + 0.
43
Evaluate (0 - 7) + (60 - -11) + (63 - 90).
37
Calculate (-75 - (-42 + -18)) + -12.
-27
What is (-5 - -19) + (-54 - -1) + 26?
-13
What is 62 - 3 - (5 - 4) - (87 - 72)?
43
Evaluate 64 + -72 + (1 - (-3 + -5)) + (-39 - 1).
-39
What is 10 - 38 - ((4 - (0 + -3)) + (41 - 38))?
-38
(-5 - (-1 + -10 - (-3 - 10 - -3))) + -31
-35
Calculate -5 + 10 + 107 - (-14 - -30 - (-4 - -18)).
110
Calculate 9 + -8 + (27 + 2 - -10) + 8.
48
-136 - (3 + -31) - (-9 - 17)
-82
Evaluate 16 - 42 - (8 + (6 - 67)).
27
What is -54 - ((5 - 2 - -6) + (379 - 380))?
-62
Calculate 122 + 56 + -70 + -70.
38
Evaluate 2 + 0 + (53 - -2) + (25 - (52 + -9)).
39
Evaluate -50 + (-1 - ((-16 - 7 - -2) + 14)).
-44
Calculate 8 + (8 - 5) - (1 + (-9 - 12)).
31
What is (0 - 19) + 23 + 3 + (23 - 1)?
29
Calculate 5 - 28 - -32 - (-24 + -1 + -2).
36
Calculate -28 + 35 + -1 + (354 - 366).
-6
-25 + (-4 - -4) - (-90 + (90 - -78))
-103
-3 + 1 + 8 + (-24 + -35 - -72)
19
Evaluate (10 - 1) + 7 + (-10 - -9) - 43.
-28
What is the value of (-2 - -55) + (-10 + 12 - (14 + -12 + -6))?
59
What is (1 - (3 - -4) - -43) + -22 + 37 + -23?
29
What is -8 + (28 - 8) + (-106 - -142) - (4 - 2)?
46
19 - (150 + -122) - (-12 - 1)
4
Calculate -43 + (-65 - -106) + -1 + 33.
30
What is -41 - (-49 + -84 + 136)?
-44
Calculate -5 + 15 + (-22 - -21) - (-40 + 9).
40
Evaluate (-37 - -1 - (-87 - -63)) + -17.
-29
What is the value of 63 - (4 - (-8 - (10 + -13 - (4 - -1))))?
59
Calculate (-5 + 25 + 22 - (14 + -37)) + -6.
59
5 + (0 + -10 + -37 - -11) + 13
-18
What is (-2 - 3) + (-87 - -88) + -30?
-34
What is the value of -224 + 216 - (-6 + (61 - (-6 - -13)))?
-56
Calculate -1 - (64 - (37 - -9)).
-19
2 + (-15 - -30) + -5 + (-27 - -10)
-5
What is 31 + 0 - (-1814 + 1812)?
33
What is 23 - (-1 + (-2 - -9) + -1163 + 1171)?
9
Evaluate -11 + -2 + (-15 - (16 + -49)) + -14.
-9
Calculate -1583 + 1558 - (-3 + 20 + -3).
-39
1 + 5 - (20 - (2 + -12 + 166 + -10))
132
-2 + 8 + (15 + -1 - (7 + -2))
15
14 + (14 - 3) + 0 + -35 + (2 - 3)
-11
Evaluate -1 + -2 + (12 + -26 + 23 - 11) - 63.
-68
Calculate -3 - (5 - (10 + -7)) - (108 + (3 - 16)).
-100
-523 + 589 + 1 + -25
42
(-115 - (-139 + 145)) + 176
55
What is -11 - (23 + -4) - (-6 + 4)?
-28
Evaluate (271 - 278) + (20 - -1 - 2) - (-46 - -47).
11
Evaluate -36 + (125 - (-18 + 122)).
-15
What is the value of -6 + (-7 - -6) - (-15 + -53 + 16)?
45
Evaluate 31 + 5 - ((61 - -5) + -42).
12
-19 - (17 - 1 - (-96 - -83))
-48
What is 31 + -6 + -29 + 35?
31
0 + -21 + -6580 + 6529
-72
Evaluate -9 - (-8 - (2 - 2)) - ((-18 - 15) + 21).
11
-26 - (7 + -19 + 63 + -28)
-49
63 - -41 - (81 + -45)
68
Evaluate (-77 - (-68 + 36)) + -84.
-129
What is the value of (906 - 886) + (3 + -3 - 76) + 6?
-50
Evaluate 4 - 8 - (4966 + -4918).
-52
What is (89 - -42) + 0 + (7 - 18)?
120
What is the value of -14 - (-10 + 29 - 28 - (-1 + 75 + -2))?
67
What is -20 - (602 + -590 - (38 - 1))?
5
What is (-149 - (-267 + 119)) + (-14 - (4 - 2 - 4))?
-13
What is the value of -36 + (85 - 31) + 21?
39
0 + 5 + (12 - 12) + 16 + 86 + -8
99
What is the value of -1 - -6 - (17 + 1) - -19?
6
Evaluate (-1 - -2) + -8 + (-20 - -12 - -26) - 70.
-59
Evaluate 4 + -2 + -1 + -1055 + 1046 - (1 - -59).
-68
-20 - (12 + 6 + -31 + 14)
-21
What is the value of (-92 + (-7 - -3) + 8 - -2) + 0?
-86
(-90 + 17 - -36 - -34) + (-2 - (-9 - 2))
6
What is -690 - -579 - (1 + -107)?
-5
(39 - 99) + 21 - -73
34
Evaluate 12 + 6 + (128 - 70) + (0 - 0 - 3).
73
What is (10 - (3 - -33) - 35) + (-1 - -13)?
-49
Evaluate -31 - -57 - 17 - -32.
41
Calculate -21 - 0 - (2936 + -2942).
-15
Calculate (-13 - 113 - 0) + 43.
-83
Calculate -7 + -8 + -46 + 5 + -7 + 17.
-46
Evaluate -3 + 45 + -958 + 940.
24
What is the value of (-1 - 1 - -18) + (1530 - 1578)?
-32
What is 50 - -16 - -2 - (-1 + -9 - (-5 + 7))?
80
Calculate -3 - -44 - -5 - (6 + -2 + 7).
35
What is -69 - (-47 - (13 + -42 + 13))?
-38
What is the value of 131 + -126 + (-3 - (7 - 1)) + 5 - 30?
-29
236 + -150 + -145 - (-2 + -6 - -2)
-53
Calculate 13 + -15 + -32 + -23 + 11 + -8.
-54
What is 6 - (-514 + 524 - (-10 + (6 + -3 - 3)))?
-14
What is the value of (-250 - -262) + -8 + -49?
-45
1 + -13 - ((9 + -21 - -3) + 12)
-15
(1 - (-13 + -2)) + -9 + -41 - 15
-49
(2 - (-1 - -2) - (1231 + -1219)) + 11
0
Evaluate -1788 + 1842 - (73 - 0).
-19
-5 - 2 - (-11 - (-12 + (10 - 17)))
-15
-21 + -40 + (13 - (13 + -6) - 1)
-56
What is 40 - (1 + 1 - (-459 + 466))?
45
What is 272 + -210 + 4 + -26 - -15?
55
Evaluate 36 - (-22 - -47) - (-3 - -38).
-24
Calculate 16 - (-6 + 38 - -69 - (-5 - 5)).
-95
Calculate (9 - (-12 - -28 - -19)) + 9.
-17
What is the value of 59 + (-86 - -43) + 9?
25
What is the value of -5 + (0 + 28 - (1 - -30 - 25))?
17
Evaluate 4 + (1 + -1 - (43 + (-12 - (-24 + 11)))).
-40
Evaluate 53 + (-25 - (19 + -31)) + 2.
42
Evaluate 0 + -20 + (396 - 344) - (-9 + 2 + 0).
39
Calculate (-43 - 2) + (15 + -3 - 26 - (-10 + 8)).
-57
What is the value of -63 - (-13 + (-34 - -18) + 58)?
-92
1 + -32 + 16 + 9 + 2
-4
What is the value of 2 + -70 - (94 + -69 + -49)?
-44
What is the value of (-112 + 40 - -44) + 103?
75
Evaluate 115 + (-32 - (-16 - -11)) - 13.
75
Calculate -1 + 0 - 52 - ((12 - 24) + -8 + 21).
-54
(-11390 - -11385) + (3 - -71) + 3
72
What is the value of 85 + -17 + -2 - 4 - (-1 + -8)?
71
Calculate 1 - (3 - 16 - 71) - 14.
71
What is -2 - 106 - (12493 - 12699)?
98
What is 249 - 236 - (-3 - -1 - -42)?
-27
What is 3 + (-16 - (-7 - -16)) + -13?
-35
-12 + (-42 + 0 - (-2516 - -2473))
-11
What is the value of 1 + -49 - (-694 - -671)?
-25
Evaluate 3 - -18 - (2 - 8 - (-104 + 85)).
8
Calculate 12 + 1 + (41 + 115 - 36).
133
What is -1 - 4 - ((11 + -25 - -36) + -18)?
-9
Calculate (9 - -3) + -4 + (-12 - -15) + -42 - 4.
-35
Calculate -13 + 0 + 3 + -61 + 77 - -9.
15
What is the value of 3 + 10 + 11 + 